ainder when d(k) is divided by 24?
22
Let u(r) = -r**2 + 11*r. Let t be u(8). Let k = 27 - t. Calculate the remainder when 3 is divided by k.
0
Let w = 96 + -92. Suppose -4*z = w, 0*k = -k + 3*z + 29. What is the remainder when k is divided by 15?
11
Let x = -18 - -21. Suppose 5*u + 3*m + 3 = 6*u, 2*u - 24 = -x*m. Suppose 15 = 3*p - u. Calculate the remainder when 14 is divided by p.
6
Let c(w) = 3*w**2 - w + 2. Let i be c(4). Suppose 4*l + 54 = 8*l + 2*p, 3*p + 27 = 3*l. What is the remainder when i + -1 + (-4)/(-2) is divided by l?
11
Suppose p - v = -6*v + 18, v + 12 = 5*p. What is the remainder when 50 is divided by (83 + -5)*p/9?
24
Suppose -50 - 82 = -4*q. Let n(y) = -y**3 - 6*y**2 - 8*y - 5. What is the remainder when q is divided by n(-5)?
3
Suppose 4*g - 6 = 14. Suppose -g*p + 506 = k + 94, -320 = -4*p + 4*k. Calculate the remainder when p/3 + (-3)/9 is divided by 10.
7
Let w = 136 + -96. Calculate the remainder when w is divided by 9.
4
Let b(a) = 2 + 2*a**2 + 6*a - 4 - 3*a**2 - 1. Let x be b(6). Calculate the remainder when ((-46)/4)/(x/6) is divided by 12.
11
Let w(h) = 14*h + 20. What is the remainder when w(11) is divided by 36?
30
Let g(v) = 3*v + 37. Suppose 32 + 45 = -7*h. Calculate the remainder when 21 is divided by g(h).
1
Let q(k) = k - 10. Let c be q(10). Calculate the remainder when 63 is divided by (c + 6/9)*(-165)/(-5).
19
Let k = -367 + 443. What is the remainder when k is divided by 33?
10
Let m be -4 + 30/5 - (1 + -35). Suppose 4*r = -3*q + 56, 4*q - 2*q + 4*r - m = 0. Calculate the remainder when 68 is divided by q.
8
Let h = 2284 - 2081. What is the remainder when h is divided by 23?
19
Suppose 3*j + 73 = 2*k, k - 3*j - j = 49. Suppose k + 7 = 3*h + 3*m, 3*h = 5*m - 4. What is the remainder when 25 is divided by h?
4
Let g = 644 - 368. Suppose -249 = -7*x + g. Calculate the remainder when x is divided by 13.
10
Let n(j) be the second derivative of -2*j - 7/2*j**2 + 0 - 1/3*j**3. What is the remainder when 3 is divided by n(-5)?
0
Calculate the remainder when 203 is divided by 2/((16/(-1184))/((-1)/2)).
55
What is the remainder when 763 is divided by (5/(-15))/((-6)/360*4)?
3
Suppose 1249 - 184 = 37*s - 341. What is the remainder when s is divided by -5*(2 + 22/(-5))?
2
Suppose 2*u = 10 + 30. Suppose 2*b + c - u = 4*c, -2*c = -2*b + 18. Calculate the remainder when b is divided by 4.
3
What is the remainder when 1402670/1530 + 2/9 is divided by 27?
26
Let h be (1 - 2)*-173 + 1. Suppose 12*w - h = 10*w. Let p = -52 - -82. What is the remainder when w is divided by p?
27
Suppose 20502 = -q + 35*q. What is the remainder when q is divided by 11?
9
Suppose -5*q = 25, 4*o - 15 = 4*q - q. Suppose -2*f - 4*u + 8 = o, -4*f - 4*u + 36 = -0*u. What is the remainder when 37 is divided by f?
9
Let m = 21 + -16. Suppose -m*p + 91 = -64. What is the remainder when p is divided by 16?
15
Let m(y) = y**2 + 4*y - 12. Let g be (-8)/24*(0 - 6). Let j(s) = 4*s**3 + 2*s - 1. Calculate the remainder when j(g) is divided by m(-7).
8
Suppose 0 = -0*q - q. Let a(l) = -3*l + 19. Let g be a(8). What is the remainder when 6 is divided by g + (q - -3) + 6?
2
Suppose -d = n + 3, 3*n = -4*d - 2 - 9. Calculate the remainder when 67 is divided by n - (-9)/12 - (-69)/4.
16
Let s(r) = -r**3 - 6*r**2 + 7*r + 2. Let f be s(-7). Suppose -2*x = -3*v - 16, 5*x + 4*v - f = 2*v. What is the remainder when 2 is divided by x?
0
Let o = 60 + -15. Suppose -5*s + 4*i = -o, -5*s + i + 75 = 3*i. What is the remainder when 35 is divided by s?
9
Let f(t) = 15*t**2 + 20*t. Suppose 0 = -x - n - 14, 1 = -3*x + 4*n - 6. Calculate the remainder when ((-78)/x)/(2/18) is divided by f(-2).
18
Let j(w) = -5*w + 48. Let p be j(5). Suppose 4*d - p = 3*x, 0 = 3*d - 8*x + 4*x - 12. Calculate the remainder when 63 is divided by d.
7
Suppose -6*b = -b + 3*j - 85, -5*b = -j - 105. Suppose 5*d - 3*n + 87 = 481, -2*d + n + 157 = 0. What is the remainder when d is divided by b?
17
Let q = 61 - 63. Let z(o) = -5*o + 11. What is the remainder when 40 is divided by z(q)?
19
Suppose 0*a - 159 = -3*a. Suppose -a = -4*s - 1. What is the remainder when s is divided by 5?
3
Suppose -m + 11 + 20 = 0. Suppose -6*s - 7 + 55 = 0. Calculate the remainder when m is divided by s.
7
Suppose -94*r = -90*r - 636. Calculate the remainder when r is divided by 27.
24
Let l(p) = 2*p**2 - 10*p + 50. Calculate the remainder when l(4) is divided by 30.
12
Suppose 1433 + 5557 = 2*w. Calculate the remainder when w is divided by 19.
18
What is the remainder when (265/106)/(2/148) is divided by 47?
44
Calculate the remainder when 163 is divided by 44/6*((-90)/20 + 9).
31
Suppose 0 = 4*m - 8 - 4. Suppose -192 = s + m*s. What is the remainder when 23 is divided by s/(-15)*(-15)/(-6)?
7
Let i = 143 + -130. Let l(x) = -2*x - 13. Let z be l(-10). Suppose -z*k = 4*r - 2*k - 106, -5*k - 86 = -4*r. What is the remainder when r is divided by i?
11
Let k = 42 - 39. Let t = k - -6. Calculate the remainder when t is divided by 5.
4
Let z = 210 + -199. Let s be (-1)/((-1)/(5/1)). Suppose -s*n - 128 = -448. Calculate the remainder when n is divided by z.
9
Suppose 19*r = 23*r - 68. What is the remainder when r is divided by 7?
3
Calculate the remainder when 81 is divided by ((-18)/(-5))/(-8*(-15)/400).
9
Let c(r) = 14*r**2 + 1. Let t = -22 - -46. Let b = t - 23. Calculate the remainder when 59 is divided by c(b).
14
Suppose 41*w - 15307 = -1080. Calculate the remainder when w is divided by 166.
15
Calculate the remainder when 105 is divided by -6 + 25 + -4 + -1.
7
Let h be ((-28)/(-5) - 0/(-9))*5. Calculate the remainder when 29 is divided by (-3)/1 - 7/(h/(-32)).
4
Calculate the remainder when (541 - 7 - -3)*1/3 is divided by 13.
10
Let x(i) = -i**3 + 6*i**2 - 6*i + 5. Let y be x(5). Suppose y = w + 4*w - 100. Calculate the remainder when 57 is divided by w.
17
Let b = 47 - 14. Let t be (-1)/((-1)/2*8/20). Suppose -4*x - t*l + l + 404 = 0, 3*x - 293 = -l. What is the remainder when x is divided by b?
30
Let p = -1157 + 1273. What is the remainder when p is divided by 22?
6
Suppose -3*f + 285 = 2*f. Suppose 4*c - f = c. Let i(d) = -2*d**3 + 19*d**2 + 12*d - 15. What is the remainder when c is divided by i(10)?
4
Suppose 2*d - 4*d + 66 = 2*b, d = 5*b - 135. Calculate the remainder when 92 is divided by b.
8
Let y(p) = -2*p**3 - 45*p**2 - 100*p + 51. Suppose -10 = -2*t + 12. Suppose 0 = k - 37 + t. What is the remainder when y(-20) is divided by k?
25
Suppose -5*h + k = -138, 21*h - 4*k = 20*h + 39. Suppose -2*z - t = -34, z - 13 = -2*t + 7. What is the remainder when h is divided by z?
11
Suppose -4*p - 5*r + 303 = 0, 3*r = 3*p - 0*p - 234. Let f = 51 - 25. What is the remainder when p is divided by f?
25
Suppose -54*a + 502 = -3548. Calculate the remainder when 370 is divided by a.
70
Let r(j) = 2 - j**3 - 4 + 6 + 9*j**2. Let w be r(9). Suppose w*x - 56 = 12. What is the remainder when 67 is divided by x?
16
Suppose 0 = 5*c - 3*a + 92, 3*c - 5*a = 11 - 79. Let o(w) = -w**3 - 17*w**2 - 16*w + 9. What is the remainder when 43 is divided by o(c)?
7
Let b(t) = -10*t**3 - 4*t**2 - 2*t. What is the remainder when b(-2) is divided by 14?
12
Let d(u) = -u**2 + 8*u + 7. Let q be d(8). Let c be (18/q)/(9/(-42)). Let k = 45 - c. Calculate the remainder when k is divided by 12.
9
Suppose 5*c = 16*c - 715. Calculate the remainder when 185 is divided by c.
55
Let h = 1544 - 1482. Calculate the remainder when (-4)/10 - (-1851)/15 is divided by h.
61
Suppose 0*v = -v - 9. Let l = -16 - -12. What is the remainder when 22 is divided by (-110)/v - l/(-18)?
10
Let u(n) = -6*n - 3. Let r be (-74)/14 - 12/(-42). Suppose 20 = 3*t - 22. Calculate the remainder when u(r) is divided by t.
13
Let b(o) = o + 14. Let i be -11 - 9/2*(-4)/6. Calculate the remainder when 10 is divided by b(i).
4
Let h(d) = d**3 - 6*d**2 + 7*d + 2. Let t be h(5). Calculate the remainder when t*4 + (1 - 1) is divided by 165/44*8/3.
8
Let s = 156 + -146. What is the remainder when s is divided by 9?
1
Suppose 34*v - 24 = 38*v. Let w(x) = -2*x**2 - 13*x - 3. Suppose -4*g + 16 = -0*g. What is the remainder when g is divided by w(v)?
1
Suppose -4*k = -0*k - 80. Suppose i - 5*w = -4*i + k, 0 = -4*i - 3*w - 19. Calculate the remainder when 26 is divided by 3 + i + 21/3.
8
Let l